[INFO] cloning repository https://github.com/mlchua/oxide
[INFO] running `Command { std: "git" "-c" "credential.helper=" "-c" "credential.helper=/workspace/cargo-home/bin/git-credential-null" "clone" "--bare" "https://github.com/mlchua/oxide" "/workspace/cache/git-repos/https%3A%2F%2Fgithub.com%2Fmlchua%2Foxide", kill_on_drop: false }`
[INFO] [stderr] Cloning into bare repository '/workspace/cache/git-repos/https%3A%2F%2Fgithub.com%2Fmlchua%2Foxide'...
[INFO] running `Command { std: "git" "rev-parse" "HEAD", kill_on_drop: false }`
[INFO] [stdout] 44f30dc86933d68eb75b4f651e16dd287497585b
[INFO] checking mlchua/oxide against master#af3c6e733a40e671550e0f0f5aeecaa13772ba56 for pr-74989
[INFO] running `Command { std: "git" "clone" "/workspace/cache/git-repos/https%3A%2F%2Fgithub.com%2Fmlchua%2Foxide" "/workspace/builds/worker-1/source", kill_on_drop: false }`
[INFO] [stderr] Cloning into '/workspace/builds/worker-1/source'...
[INFO] [stderr] done.
[INFO] validating manifest of git repo https://github.com/mlchua/oxide on toolchain af3c6e733a40e671550e0f0f5aeecaa13772ba56
[INFO] running `Command { std: "/workspace/cargo-home/bin/cargo" "+af3c6e733a40e671550e0f0f5aeecaa13772ba56" "read-manifest" "--manifest-path" "Cargo.toml", kill_on_drop: false }`
[INFO] started tweaking git repo https://github.com/mlchua/oxide
[INFO] finished tweaking git repo https://github.com/mlchua/oxide
[INFO] tweaked toml for git repo https://github.com/mlchua/oxide written to /workspace/builds/worker-1/source/Cargo.toml
[INFO] crate git repo https://github.com/mlchua/oxide already has a lockfile, it will not be regenerated
[INFO] running `Command { std: "/workspace/cargo-home/bin/cargo" "+af3c6e733a40e671550e0f0f5aeecaa13772ba56" "fetch" "--locked" "--manifest-path" "Cargo.toml", kill_on_drop: false }`
[INFO] running `Command { std: "docker" "create" "-v" "/var/lib/crater-agent-workspace/builds/worker-1/target:/opt/rustwide/target:rw,Z" "-v" "/var/lib/crater-agent-workspace/builds/worker-1/source:/opt/rustwide/workdir:ro,Z" "-v" "/var/lib/crater-agent-workspace/cargo-home:/opt/rustwide/cargo-home:ro,Z" "-v" "/var/lib/crater-agent-workspace/rustup-home:/opt/rustwide/rustup-home:ro,Z" "-e" "SOURCE_DIR=/opt/rustwide/workdir" "-e" "CARGO_TARGET_DIR=/opt/rustwide/target" "-e" "CARGO_HOME=/opt/rustwide/cargo-home" "-e" "RUSTUP_HOME=/opt/rustwide/rustup-home" "-w" "/opt/rustwide/workdir" "-m" "1610612736" "--user" "0:0" "--network" "none" "rustops/crates-build-env@sha256:d92eaeed33fa75130ca1ee6c8a01d1ffb62bac859dfdfb3450e3e5d1c0146529" "/opt/rustwide/cargo-home/bin/cargo" "+af3c6e733a40e671550e0f0f5aeecaa13772ba56" "metadata" "--no-deps" "--format-version=1", kill_on_drop: false }`
[INFO] [stdout] ff71e0ab0e16081530df83973d12a173560c01de0cdf2c2df3eb9c871400d472
[INFO] [stderr] WARNING: Your kernel does not support swap limit capabilities or the cgroup is not mounted. Memory limited without swap.
[INFO] running `Command { std: "docker" "start" "-a" "ff71e0ab0e16081530df83973d12a173560c01de0cdf2c2df3eb9c871400d472", kill_on_drop: false }`
[INFO] running `Command { std: "docker" "inspect" "ff71e0ab0e16081530df83973d12a173560c01de0cdf2c2df3eb9c871400d472", kill_on_drop: false }`
[INFO] running `Command { std: "docker" "rm" "-f" "ff71e0ab0e16081530df83973d12a173560c01de0cdf2c2df3eb9c871400d472", kill_on_drop: false }`
[INFO] [stdout] ff71e0ab0e16081530df83973d12a173560c01de0cdf2c2df3eb9c871400d472
[INFO] running `Command { std: "docker" "create" "-v" "/var/lib/crater-agent-workspace/builds/worker-1/target:/opt/rustwide/target:rw,Z" "-v" "/var/lib/crater-agent-workspace/builds/worker-1/source:/opt/rustwide/workdir:ro,Z" "-v" "/var/lib/crater-agent-workspace/cargo-home:/opt/rustwide/cargo-home:ro,Z" "-v" "/var/lib/crater-agent-workspace/rustup-home:/opt/rustwide/rustup-home:ro,Z" "-e" "SOURCE_DIR=/opt/rustwide/workdir" "-e" "CARGO_TARGET_DIR=/opt/rustwide/target" "-e" "CARGO_INCREMENTAL=0" "-e" "RUST_BACKTRACE=full" "-e" "RUSTFLAGS=--cap-lints=forbid" "-e" "CARGO_HOME=/opt/rustwide/cargo-home" "-e" "RUSTUP_HOME=/opt/rustwide/rustup-home" "-w" "/opt/rustwide/workdir" "-m" "1610612736" "--user" "0:0" "--network" "none" "rustops/crates-build-env@sha256:d92eaeed33fa75130ca1ee6c8a01d1ffb62bac859dfdfb3450e3e5d1c0146529" "/opt/rustwide/cargo-home/bin/cargo" "+af3c6e733a40e671550e0f0f5aeecaa13772ba56" "check" "--frozen" "--all" "--all-targets" "--message-format=json", kill_on_drop: false }`
[INFO] [stdout] a373d413b5990535f40f0b90e4e3fa43cd18eae7359568cfa7d8647e2af3c267
[INFO] [stderr] WARNING: Your kernel does not support swap limit capabilities or the cgroup is not mounted. Memory limited without swap.
[INFO] running `Command { std: "docker" "start" "-a" "a373d413b5990535f40f0b90e4e3fa43cd18eae7359568cfa7d8647e2af3c267", kill_on_drop: false }`
[INFO] [stderr]     Checking oxide v0.0.1 (/opt/rustwide/workdir)
[INFO] [stdout] error[E0432]: unresolved import `std::num::Int`
[INFO] [stdout]  --> src/http/request.rs:4:5
[INFO] [stdout]   |
[INFO] [stdout] 4 | use std::num::Int;
[INFO] [stdout]   |     ^^^^^^^^^^^^^ no `Int` in `num`
[INFO] [stdout] 
[INFO] [stdout] 
[INFO] [stdout] warning: use of deprecated macro `try`: use the `?` operator instead
[INFO] [stdout]   --> src/http/request.rs:70:37
[INFO] [stdout]    |
[INFO] [stdout] 70 |     let (method, target, version) = try!(parse_request_start(start.as_ref()));
[INFO] [stdout]    |                                     ^^^
[INFO] [stdout]    |
[INFO] [stdout]    = note: `#[warn(deprecated)]` on by default
[INFO] [stdout] 
[INFO] [stdout] 
[INFO] [stdout] warning: use of deprecated macro `try`: use the `?` operator instead
[INFO] [stdout]    --> src/http/request.rs:157:28
[INFO] [stdout]     |
[INFO] [stdout] 157 |         let (key, value) = try!(parse_header(line.as_ref()));
[INFO] [stdout]     |                            ^^^
[INFO] [stdout] 
[INFO] [stdout] 
[INFO] [stdout] warning: unused macro definition
[INFO] [stdout]   --> src/http/request.rs:12:1
[INFO] [stdout]    |
[INFO] [stdout] 12 | / macro_rules! slice {
[INFO] [stdout] 13 | |     ($st:ident) => {
[INFO] [stdout] 14 | |         { let str_ref: &str = $st.as_ref(); str_ref }
[INFO] [stdout] 15 | |     };
[INFO] [stdout] 16 | | }
[INFO] [stdout]    | |_^
[INFO] [stdout]    |
[INFO] [stdout]    = note: `#[warn(unused_macros)]` on by default
[INFO] [stdout] 
[INFO] [stdout] 
[INFO] [stdout] warning: `...` range patterns are deprecated
[INFO] [stdout]    --> src/http/request.rs:204:13
[INFO] [stdout]     |
[INFO] [stdout] 204 |         '0' ... '9'                  => true,
[INFO] [stdout]     |             ^^^ help: use `..=` for an inclusive range
[INFO] [stdout]     |
[INFO] [stdout]     = note: `#[warn(ellipsis_inclusive_range_patterns)]` on by default
[INFO] [stdout] 
[INFO] [stdout] 
[INFO] [stdout] warning: `...` range patterns are deprecated
[INFO] [stdout]    --> src/http/request.rs:205:13
[INFO] [stdout]     |
[INFO] [stdout] 205 |         'a' ... 'z'                  => true,
[INFO] [stdout]     |             ^^^ help: use `..=` for an inclusive range
[INFO] [stdout] 
[INFO] [stdout] 
[INFO] [stdout] warning: `...` range patterns are deprecated
[INFO] [stdout]    --> src/http/request.rs:206:13
[INFO] [stdout]     |
[INFO] [stdout] 206 |         'A' ... 'Z'                  => true,
[INFO] [stdout]     |             ^^^ help: use `..=` for an inclusive range
[INFO] [stdout] 
[INFO] [stdout] 
[INFO] [stdout] error[E0432]: unresolved import `std::num::Int`
[INFO] [stdout]  --> src/http/request.rs:4:5
[INFO] [stdout]   |
[INFO] [stdout] 4 | use std::num::Int;
[INFO] [stdout]   |     ^^^^^^^^^^^^^ no `Int` in `num`
[INFO] [stdout] 
[INFO] [stdout] 
[INFO] [stdout] warning: use of deprecated macro `try`: use the `?` operator instead
[INFO] [stdout]   --> src/http/request.rs:70:37
[INFO] [stdout]    |
[INFO] [stdout] 70 |     let (method, target, version) = try!(parse_request_start(start.as_ref()));
[INFO] [stdout]    |                                     ^^^
[INFO] [stdout]    |
[INFO] [stdout]    = note: `#[warn(deprecated)]` on by default
[INFO] [stdout] 
[INFO] [stdout] 
[INFO] [stdout] warning: use of deprecated macro `try`: use the `?` operator instead
[INFO] [stdout]    --> src/http/request.rs:157:28
[INFO] [stdout]     |
[INFO] [stdout] 157 |         let (key, value) = try!(parse_header(line.as_ref()));
[INFO] [stdout]     |                            ^^^
[INFO] [stdout] 
[INFO] [stdout] 
[INFO] [stdout] warning: `...` range patterns are deprecated
[INFO] [stdout]    --> src/http/request.rs:204:13
[INFO] [stdout]     |
[INFO] [stdout] 204 |         '0' ... '9'                  => true,
[INFO] [stdout]     |             ^^^ help: use `..=` for an inclusive range
[INFO] [stdout]     |
[INFO] [stdout]     = note: `#[warn(ellipsis_inclusive_range_patterns)]` on by default
[INFO] [stdout] 
[INFO] [stdout] 
[INFO] [stdout] warning: `...` range patterns are deprecated
[INFO] [stdout]    --> src/http/request.rs:205:13
[INFO] [stdout]     |
[INFO] [stdout] 205 |         'a' ... 'z'                  => true,
[INFO] [stdout]     |             ^^^ help: use `..=` for an inclusive range
[INFO] [stdout] 
[INFO] [stdout] 
[INFO] [stdout] warning: `...` range patterns are deprecated
[INFO] [stdout]    --> src/http/request.rs:206:13
[INFO] [stdout]     |
[INFO] [stdout] 206 |         'A' ... 'Z'                  => true,
[INFO] [stdout]     |             ^^^ help: use `..=` for an inclusive range
[INFO] [stdout] 
[INFO] [stdout] 
[INFO] [stdout] error[E0599]: no function or associated item named `from_str` found for struct `String` in the current scope
[INFO] [stdout]    --> src/http/request.rs:128:26
[INFO] [stdout]     |
[INFO] [stdout] 128 |     let target = String::from_str(req_parts[1]);
[INFO] [stdout]     |                          ^^^^^^^^ function or associated item not found in `String`
[INFO] [stdout]     |
[INFO] [stdout]     = help: items from traits can only be used if the trait is in scope
[INFO] [stdout]     = note: the following trait is implemented but not in scope; perhaps add a `use` for it:
[INFO] [stdout]             `use std::str::FromStr;`
[INFO] [stdout] 
[INFO] [stdout] 
[INFO] [stdout] error[E0599]: no function or associated item named `from_str` found for struct `String` in the current scope
[INFO] [stdout]    --> src/http/request.rs:195:17
[INFO] [stdout]     |
[INFO] [stdout] 195 |     Ok((String::from_str(name), String::from_str(value)))
[INFO] [stdout]     |                 ^^^^^^^^ function or associated item not found in `String`
[INFO] [stdout]     |
[INFO] [stdout]     = help: items from traits can only be used if the trait is in scope
[INFO] [stdout]     = note: the following trait is implemented but not in scope; perhaps add a `use` for it:
[INFO] [stdout]             `use std::str::FromStr;`
[INFO] [stdout] 
[INFO] [stdout] 
[INFO] [stdout] error[E0599]: no function or associated item named `from_str` found for struct `String` in the current scope
[INFO] [stdout]    --> src/http/request.rs:195:41
[INFO] [stdout]     |
[INFO] [stdout] 195 |     Ok((String::from_str(name), String::from_str(value)))
[INFO] [stdout]     |                                         ^^^^^^^^ function or associated item not found in `String`
[INFO] [stdout]     |
[INFO] [stdout]     = help: items from traits can only be used if the trait is in scope
[INFO] [stdout]     = note: the following trait is implemented but not in scope; perhaps add a `use` for it:
[INFO] [stdout]             `use std::str::FromStr;`
[INFO] [stdout] 
[INFO] [stdout] 
[INFO] [stdout] error[E0599]: no function or associated item named `from_str` found for struct `String` in the current scope
[INFO] [stdout]    --> src/http/request.rs:219:30
[INFO] [stdout]     |
[INFO] [stdout] 219 |     let len_header = String::from_str(CONTENT_LENGTH);
[INFO] [stdout]     |                              ^^^^^^^^ function or associated item not found in `String`
[INFO] [stdout]     |
[INFO] [stdout]     = help: items from traits can only be used if the trait is in scope
[INFO] [stdout]     = note: the following trait is implemented but not in scope; perhaps add a `use` for it:
[INFO] [stdout]             `use std::str::FromStr;`
[INFO] [stdout] 
[INFO] [stdout] 
[INFO] [stdout] error[E0599]: no function or associated item named `from_str` found for struct `String` in the current scope
[INFO] [stdout]    --> src/http/request.rs:220:31
[INFO] [stdout]     |
[INFO] [stdout] 220 |     let mut message = String::from_str(EMPTY_MESSAGE);
[INFO] [stdout]     |                               ^^^^^^^^ function or associated item not found in `String`
[INFO] [stdout]     |
[INFO] [stdout]     = help: items from traits can only be used if the trait is in scope
[INFO] [stdout]     = note: the following trait is implemented but not in scope; perhaps add a `use` for it:
[INFO] [stdout]             `use std::str::FromStr;`
[INFO] [stdout] 
[INFO] [stdout] 
[INFO] [stdout] error[E0689]: can't call method `pow` on ambiguous numeric type `{integer}`
[INFO] [stdout]    --> src/http/request.rs:238:46
[INFO] [stdout]     |
[INFO] [stdout] 238 |         running_sum += hex_to_uint(hex) * 16.pow(index as u32);
[INFO] [stdout]     |                                              ^^^
[INFO] [stdout]     |
[INFO] [stdout] help: you must specify a concrete type for this numeric value, like `i32`
[INFO] [stdout]     |
[INFO] [stdout] 238 |         running_sum += hex_to_uint(hex) * 16_i32.pow(index as u32);
[INFO] [stdout]     |                                           ^^^^^^
[INFO] [stdout] 
[INFO] [stdout] 
[INFO] [stdout] error[E0599]: no function or associated item named `from_str` found for struct `String` in the current scope
[INFO] [stdout]    --> src/http/request.rs:128:26
[INFO] [stdout]     |
[INFO] [stdout] 128 |     let target = String::from_str(req_parts[1]);
[INFO] [stdout]     |                          ^^^^^^^^ function or associated item not found in `String`
[INFO] [stdout]     |
[INFO] [stdout]     = help: items from traits can only be used if the trait is in scope
[INFO] [stdout]     = note: the following trait is implemented but not in scope; perhaps add a `use` for it:
[INFO] [stdout]             `use std::str::FromStr;`
[INFO] [stdout] 
[INFO] [stdout] 
[INFO] [stdout] error[E0599]: no function or associated item named `from_str` found for struct `String` in the current scope
[INFO] [stdout]    --> src/http/request.rs:394:39
[INFO] [stdout]     |
[INFO] [stdout] 394 |         let mut long_target = String::from_str(long_target_phrase);
[INFO] [stdout]     |                                       ^^^^^^^^ function or associated item not found in `String`
[INFO] [stdout]     |
[INFO] [stdout]     = help: items from traits can only be used if the trait is in scope
[INFO] [stdout]     = note: the following trait is implemented but not in scope; perhaps add a `use` for it:
[INFO] [stdout]             `use std::str::FromStr;`
[INFO] [stdout] 
[INFO] [stdout] 
[INFO] [stdout] error[E0599]: no function or associated item named `from_str` found for struct `String` in the current scope
[INFO] [stdout]    --> src/http/request.rs:195:17
[INFO] [stdout]     |
[INFO] [stdout] 195 |     Ok((String::from_str(name), String::from_str(value)))
[INFO] [stdout]     |                 ^^^^^^^^ function or associated item not found in `String`
[INFO] [stdout]     |
[INFO] [stdout]     = help: items from traits can only be used if the trait is in scope
[INFO] [stdout]     = note: the following trait is implemented but not in scope; perhaps add a `use` for it:
[INFO] [stdout]             `use std::str::FromStr;`
[INFO] [stdout] 
[INFO] [stdout] 
[INFO] [stdout] error[E0599]: no function or associated item named `from_str` found for struct `String` in the current scope
[INFO] [stdout]    --> src/http/request.rs:195:41
[INFO] [stdout]     |
[INFO] [stdout] 195 |     Ok((String::from_str(name), String::from_str(value)))
[INFO] [stdout]     |                                         ^^^^^^^^ function or associated item not found in `String`
[INFO] [stdout]     |
[INFO] [stdout]     = help: items from traits can only be used if the trait is in scope
[INFO] [stdout]     = note: the following trait is implemented but not in scope; perhaps add a `use` for it:
[INFO] [stdout]             `use std::str::FromStr;`
[INFO] [stdout] 
[INFO] [stdout] 
[INFO] [stdout] error[E0599]: no function or associated item named `from_str` found for struct `String` in the current scope
[INFO] [stdout]    --> src/http/request.rs:219:30
[INFO] [stdout]     |
[INFO] [stdout] 219 |     let len_header = String::from_str(CONTENT_LENGTH);
[INFO] [stdout]     |                              ^^^^^^^^ function or associated item not found in `String`
[INFO] [stdout]     |
[INFO] [stdout]     = help: items from traits can only be used if the trait is in scope
[INFO] [stdout]     = note: the following trait is implemented but not in scope; perhaps add a `use` for it:
[INFO] [stdout]             `use std::str::FromStr;`
[INFO] [stdout] 
[INFO] [stdout] 
[INFO] [stdout] error[E0599]: no function or associated item named `from_str` found for struct `String` in the current scope
[INFO] [stdout]    --> src/http/request.rs:220:31
[INFO] [stdout]     |
[INFO] [stdout] 220 |     let mut message = String::from_str(EMPTY_MESSAGE);
[INFO] [stdout]     |                               ^^^^^^^^ function or associated item not found in `String`
[INFO] [stdout]     |
[INFO] [stdout]     = help: items from traits can only be used if the trait is in scope
[INFO] [stdout]     = note: the following trait is implemented but not in scope; perhaps add a `use` for it:
[INFO] [stdout]             `use std::str::FromStr;`
[INFO] [stdout] 
[INFO] [stdout] 
[INFO] [stdout] error[E0599]: no function or associated item named `from_str` found for struct `String` in the current scope
[INFO] [stdout]   --> src/http/response.rs:25:30
[INFO] [stdout]    |
[INFO] [stdout] 25 |             message: String::from_str(""),
[INFO] [stdout]    |                              ^^^^^^^^ function or associated item not found in `String`
[INFO] [stdout]    |
[INFO] [stdout]    = help: items from traits can only be used if the trait is in scope
[INFO] [stdout]    = note: the following trait is implemented but not in scope; perhaps add a `use` for it:
[INFO] [stdout]            `use std::str::FromStr;`
[INFO] [stdout] 
[INFO] [stdout] 
[INFO] [stdout] error[E0599]: no function or associated item named `from_str` found for struct `String` in the current scope
[INFO] [stdout]   --> src/http/response.rs:45:37
[INFO] [stdout]    |
[INFO] [stdout] 45 |         self.headers.insert(String::from_str("Content-Length"),
[INFO] [stdout]    |                                     ^^^^^^^^ function or associated item not found in `String`
[INFO] [stdout]    |
[INFO] [stdout]    = help: items from traits can only be used if the trait is in scope
[INFO] [stdout]    = note: the following trait is implemented but not in scope; perhaps add a `use` for it:
[INFO] [stdout]            `use std::str::FromStr;`
[INFO] [stdout] 
[INFO] [stdout] 
[INFO] [stdout] error[E0689]: can't call method `pow` on ambiguous numeric type `{integer}`
[INFO] [stdout]    --> src/http/request.rs:238:46
[INFO] [stdout]     |
[INFO] [stdout] 238 |         running_sum += hex_to_uint(hex) * 16.pow(index as u32);
[INFO] [stdout]     |                                              ^^^
[INFO] [stdout]     |
[INFO] [stdout] help: you must specify a concrete type for this numeric value, like `i32`
[INFO] [stdout]     |
[INFO] [stdout] 238 |         running_sum += hex_to_uint(hex) * 16_i32.pow(index as u32);
[INFO] [stdout]     |                                           ^^^^^^
[INFO] [stdout] 
[INFO] [stdout] 
[INFO] [stdout] error: aborting due to 10 previous errors; 5 warnings emitted
[INFO] [stdout] 
[INFO] [stdout] 
[INFO] [stdout] Some errors have detailed explanations: E0432, E0599, E0689.
[INFO] [stdout] 
[INFO] [stdout] For more information about an error, try `rustc --explain E0432`.
[INFO] [stdout] 
[INFO] [stdout] error[E0599]: no function or associated item named `from_str` found for struct `String` in the current scope
[INFO] [stdout]   --> src/http/response.rs:25:30
[INFO] [stdout]    |
[INFO] [stdout] 25 |             message: String::from_str(""),
[INFO] [stdout]    |                              ^^^^^^^^ function or associated item not found in `String`
[INFO] [stdout]    |
[INFO] [stdout]    = help: items from traits can only be used if the trait is in scope
[INFO] [stdout]    = note: the following trait is implemented but not in scope; perhaps add a `use` for it:
[INFO] [stdout]            `use std::str::FromStr;`
[INFO] [stdout] 
[INFO] [stdout] 
[INFO] [stdout] error[E0599]: no function or associated item named `from_str` found for struct `String` in the current scope
[INFO] [stdout]   --> src/http/response.rs:45:37
[INFO] [stdout]    |
[INFO] [stdout] 45 |         self.headers.insert(String::from_str("Content-Length"),
[INFO] [stdout]    |                                     ^^^^^^^^ function or associated item not found in `String`
[INFO] [stdout]    |
[INFO] [stdout]    = help: items from traits can only be used if the trait is in scope
[INFO] [stdout]    = note: the following trait is implemented but not in scope; perhaps add a `use` for it:
[INFO] [stdout]            `use std::str::FromStr;`
[INFO] [stdout] 
[INFO] [stdout] 
[INFO] [stdout] error: aborting due to 9 previous errors; 6 warnings emitted
[INFO] [stdout] 
[INFO] [stdout] 
[INFO] [stdout] Some errors have detailed explanations: E0432, E0599, E0689.
[INFO] [stdout] 
[INFO] [stdout] For more information about an error, try `rustc --explain E0432`.
[INFO] [stdout] 
[INFO] [stderr] error: could not compile `oxide`.
[INFO] [stderr] 
[INFO] [stderr] To learn more, run the command again with --verbose.
[INFO] [stderr] warning: build failed, waiting for other jobs to finish...
[INFO] [stderr] error: build failed
[INFO] running `Command { std: "docker" "inspect" "a373d413b5990535f40f0b90e4e3fa43cd18eae7359568cfa7d8647e2af3c267", kill_on_drop: false }`
[INFO] running `Command { std: "docker" "rm" "-f" "a373d413b5990535f40f0b90e4e3fa43cd18eae7359568cfa7d8647e2af3c267", kill_on_drop: false }`
[INFO] [stdout] a373d413b5990535f40f0b90e4e3fa43cd18eae7359568cfa7d8647e2af3c267
